{"id":484,"date":"2025-08-30T16:25:08","date_gmt":"2025-08-30T14:25:08","guid":{"rendered":"https:\/\/barbarabakery.com\/?post_type=product&#038;p=484"},"modified":"2025-10-16T17:03:34","modified_gmt":"2025-10-16T15:03:34","slug":"zaatar","status":"publish","type":"product","link":"https:\/\/barbarabakery.com\/index.php\/producto\/zaatar\/","title":{"rendered":"Zaatar"},"content":{"rendered":"<p><span class=\"notion-enable-hover\" data-token-index=\"0\">Mezcla de or\u00e9gano tostado con semillas de s\u00e9samo y especias,de sabor herb\u00e1ceo, terroso y ligeramente \u00e1cido<\/span><!-- notionvc: 0122b0fc-6b1b-4567-88d8-09ef2a34b9f3 --><\/p>\n","protected":false},"excerpt":{"rendered":"<p>Mezcla de or\u00e9gano tostado con semillas de s\u00e9samo y especias,de sabor herb\u00e1ceo, terroso y ligeramente \u00e1cido<\/p>\n","protected":false},"featured_media":1146,"comment_status":"open","ping_status":"closed","template":"","meta":[],"product_brand":[],"product_cat":[20],"product_tag":[29],"class_list":{"0":"post-484","1":"product","2":"type-product","3":"status-publish","4":"has-post-thumbnail","6":"product_cat-productos","7":"product_tag-no-wholesale","9":"first","10":"instock","11":"shipping-taxable","12":"purchasable","13":"product-type-simple"},"_links":{"self":[{"href":"https:\/\/barbarabakery.com\/index.php\/wp-json\/wp\/v2\/product\/484","targetHints":{"allow":["GET"]}}],"collection":[{"href":"https:\/\/barbarabakery.com\/index.php\/wp-json\/wp\/v2\/product"}],"about":[{"href":"https:\/\/barbarabakery.com\/index.php\/wp-json\/wp\/v2\/types\/product"}],"replies":[{"embeddable":true,"href":"https:\/\/barbarabakery.com\/index.php\/wp-json\/wp\/v2\/comments?post=484"}],"wp:featuredmedia":[{"embeddable":true,"href":"https:\/\/barbarabakery.com\/index.php\/wp-json\/wp\/v2\/media\/1146"}],"wp:attachment":[{"href":"https:\/\/barbarabakery.com\/index.php\/wp-json\/wp\/v2\/media?parent=484"}],"wp:term":[{"taxonomy":"product_brand","embeddable":true,"href":"https:\/\/barbarabakery.com\/index.php\/wp-json\/wp\/v2\/product_brand?post=484"},{"taxonomy":"product_cat","embeddable":true,"href":"https:\/\/barbarabakery.com\/index.php\/wp-json\/wp\/v2\/product_cat?post=484"},{"taxonomy":"product_tag","embeddable":true,"href":"https:\/\/barbarabakery.com\/index.php\/wp-json\/wp\/v2\/product_tag?post=484"}],"curies":[{"name":"wp","href":"https:\/\/api.w.org\/{rel}","templated":true}]}}